[INFO] fetching crate sylvia 0.5.0...
[INFO] checking sylvia-0.5.0 against master#9610dfe5a9a731ced1ea4923ecbd0c57fe367898 for beta-170-4
[INFO] extracting crate sylvia 0.5.0 into /workspace/builds/worker-0-tc1/source
[INFO] validating manifest of crates.io crate sylvia 0.5.0 on toolchain 9610dfe5a9a731ced1ea4923ecbd0c57fe367898
[INFO] running `Command { std: CARGO_HOME="/workspace/cargo-home" RUSTUP_HOME="/workspace/rustup-home" "/workspace/cargo-home/bin/cargo" "+9610dfe5a9a731ced1ea4923ecbd0c57fe367898" "metadata" "--manifest-path" "Cargo.toml" "--no-deps", kill_on_drop: false }`
[INFO] started tweaking crates.io crate sylvia 0.5.0
[INFO] finished tweaking crates.io crate sylvia 0.5.0
[INFO] tweaked toml for crates.io crate sylvia 0.5.0 written to /workspace/builds/worker-0-tc1/source/Cargo.toml
[INFO] crate crates.io crate sylvia 0.5.0 already has a lockfile, it will not be regenerated
[INFO] running `Command { std: CARGO_HOME="/workspace/cargo-home" RUSTUP_HOME="/workspace/rustup-home" "/workspace/cargo-home/bin/cargo" "+9610dfe5a9a731ced1ea4923ecbd0c57fe367898" "fetch" "--manifest-path" "Cargo.toml", kill_on_drop: false }`
[INFO] [stderr]     Updating crates.io index
[INFO] [stderr]     Blocking waiting for file lock on package cache
[INFO] [stderr]  Downloading crates ...
[INFO] [stderr]   Downloaded serde-json-wasm v0.5.0
[INFO] [stderr]   Downloaded konst_kernel v0.3.4
[INFO] [stderr]   Downloaded konst_proc_macros v0.3.0
[INFO] [stderr]   Downloaded cw2 v1.0.0
[INFO] [stderr]   Downloaded cosmwasm-crypto v1.2.1
[INFO] [stderr]   Downloaded cw-storage-plus v0.16.0
[INFO] [stderr]   Downloaded cosmwasm-schema-derive v1.2.1
[INFO] [stderr]   Downloaded cosmwasm-derive v1.2.1
[INFO] [stderr]   Downloaded cosmwasm-schema v1.2.1
[INFO] [stderr]   Downloaded cw-multi-test v0.16.2
[INFO] [stderr]   Downloaded cw-utils v1.0.1
[INFO] [stderr]   Downloaded sylvia-derive v0.5.0
[INFO] [stderr]   Downloaded serde-cw-value v0.7.0
[INFO] [stderr]   Downloaded cosmwasm-std v1.2.1
[INFO] [stderr]   Downloaded cw-storage-plus v1.0.1
[INFO] [stderr]   Downloaded konst v0.3.4
[INFO] running `Command { std: "docker" "create" "-v" "/var/lib/crater-agent-workspace/builds/worker-0-tc1/target:/opt/rustwide/target:rw,Z" "-v" "/var/lib/crater-agent-workspace/builds/worker-0-tc1/source:/opt/rustwide/workdir:ro,Z" "-v" "/var/lib/crater-agent-workspace/cargo-home:/opt/rustwide/cargo-home:ro,Z" "-v" "/var/lib/crater-agent-workspace/rustup-home:/opt/rustwide/rustup-home:ro,Z" "-e" "SOURCE_DIR=/opt/rustwide/workdir" "-e" "CARGO_TARGET_DIR=/opt/rustwide/target" "-e" "CARGO_HOME=/opt/rustwide/cargo-home" "-e" "RUSTUP_HOME=/opt/rustwide/rustup-home" "-w" "/opt/rustwide/workdir" "-m" "1610612736" "--user" "0:0" "--network" "none" "ghcr.io/rust-lang/crates-build-env/linux@sha256:19e73879b68f455e41552ea35293514db52ea292d993f571636dbffedb77a1ee" "/opt/rustwide/cargo-home/bin/cargo" "+9610dfe5a9a731ced1ea4923ecbd0c57fe367898" "metadata" "--no-deps" "--format-version=1", kill_on_drop: false }`
[INFO] [stdout] f300f83b25e2b9ddd95187c832c3ae75d6782e5d2e3fac83297a46d108d67c21
[INFO] running `Command { std: "docker" "start" "-a" "f300f83b25e2b9ddd95187c832c3ae75d6782e5d2e3fac83297a46d108d67c21", kill_on_drop: false }`
[INFO] running `Command { std: "docker" "inspect" "f300f83b25e2b9ddd95187c832c3ae75d6782e5d2e3fac83297a46d108d67c21", kill_on_drop: false }`
[INFO] running `Command { std: "docker" "rm" "-f" "f300f83b25e2b9ddd95187c832c3ae75d6782e5d2e3fac83297a46d108d67c21", kill_on_drop: false }`
[INFO] [stdout] f300f83b25e2b9ddd95187c832c3ae75d6782e5d2e3fac83297a46d108d67c21
[INFO] running `Command { std: "docker" "create" "-v" "/var/lib/crater-agent-workspace/builds/worker-0-tc1/target:/opt/rustwide/target:rw,Z" "-v" "/var/lib/crater-agent-workspace/builds/worker-0-tc1/source:/opt/rustwide/workdir:ro,Z" "-v" "/var/lib/crater-agent-workspace/cargo-home:/opt/rustwide/cargo-home:ro,Z" "-v" "/var/lib/crater-agent-workspace/rustup-home:/opt/rustwide/rustup-home:ro,Z" "-e" "SOURCE_DIR=/opt/rustwide/workdir" "-e" "CARGO_TARGET_DIR=/opt/rustwide/target" "-e" "CARGO_INCREMENTAL=0" "-e" "RUST_BACKTRACE=full" "-e" "RUSTFLAGS=--cap-lints=forbid" "-e" "RUSTDOCFLAGS=--cap-lints=forbid" "-e" "CARGO_HOME=/opt/rustwide/cargo-home" "-e" "RUSTUP_HOME=/opt/rustwide/rustup-home" "-w" "/opt/rustwide/workdir" "-m" "1610612736" "--user" "0:0" "--network" "none" "ghcr.io/rust-lang/crates-build-env/linux@sha256:19e73879b68f455e41552ea35293514db52ea292d993f571636dbffedb77a1ee" "/opt/rustwide/cargo-home/bin/cargo" "+9610dfe5a9a731ced1ea4923ecbd0c57fe367898" "check" "--frozen" "--all" "--all-targets" "--message-format=json", kill_on_drop: false }`
[INFO] [stdout] 506aaad85d4f95c568b38c1985c93bd2759bff8ea772f928082ebbb86ed1bd3b
[INFO] running `Command { std: "docker" "start" "-a" "506aaad85d4f95c568b38c1985c93bd2759bff8ea772f928082ebbb86ed1bd3b", kill_on_drop: false }`
[INFO] [stderr]    Compiling version_check v0.9.4
[INFO] [stderr]    Compiling proc-macro2 v1.0.50
[INFO] [stderr]    Compiling syn v1.0.107
[INFO] [stderr]    Compiling typenum v1.16.0
[INFO] [stderr]    Compiling libc v0.2.138
[INFO] [stderr]     Checking subtle v2.4.1
[INFO] [stderr]     Checking zeroize v1.5.7
[INFO] [stderr]    Compiling serde_derive v1.0.152
[INFO] [stderr]    Compiling serde v1.0.152
[INFO] [stderr]     Checking const-oid v0.9.1
[INFO] [stderr]     Checking der v0.6.1
[INFO] [stderr]     Checking base64ct v1.5.3
[INFO] [stderr]    Compiling generic-array v0.14.6
[INFO] [stderr]    Compiling ahash v0.7.6
[INFO] [stderr]     Checking cpufeatures v0.2.5
[INFO] [stderr]     Checking base16ct v0.1.1
[INFO] [stderr]     Checking byteorder v1.4.3
[INFO] [stderr]     Checking once_cell v1.16.0
[INFO] [stderr]    Compiling serde_json v1.0.91
[INFO] [stderr]     Checking rand_core v0.5.1
[INFO] [stderr]     Checking hex v0.4.3
[INFO] [stderr]    Compiling schemars v0.8.11
[INFO] [stderr]     Checking spki v0.6.0
[INFO] [stderr]    Compiling crunchy v0.2.2
[INFO] [stderr]    Compiling quote v1.0.23
[INFO] [stderr]     Checking pkcs8 v0.9.0
[INFO] [stderr]     Checking getrandom v0.2.8
[INFO] [stderr]     Checking itoa v1.0.5
[INFO] [stderr]     Checking ryu v1.0.12
[INFO] [stderr]     Checking opaque-debug v0.3.0
[INFO] [stderr]     Checking dyn-clone v1.0.10
[INFO] [stderr]     Checking rand_core v0.6.4
[INFO] [stderr]     Checking static_assertions v1.1.0
[INFO] [stderr]     Checking base64 v0.13.1
[INFO] [stderr]     Checking uint v0.9.5
[INFO] [stderr]     Checking forward_ref v1.0.0
[INFO] [stderr]    Compiling memchr v2.5.0
[INFO] [stderr]    Compiling indexmap v1.9.2
[INFO] [stderr]    Compiling anyhow v1.0.68
[INFO] [stderr]     Checking ff v0.12.1
[INFO] [stderr]     Checking hashbrown v0.12.3
[INFO] [stderr]     Checking group v0.12.1
[INFO] [stderr]    Compiling proc-macro-error-attr v1.0.4
[INFO] [stderr]    Compiling proc-macro-error v1.0.4
[INFO] [stderr]    Compiling toml_datetime v0.5.1
[INFO] [stderr]    Compiling either v1.8.0
[INFO] [stderr]     Checking crypto-common v0.1.6
[INFO] [stderr]     Checking block-buffer v0.10.3
[INFO] [stderr]     Checking crypto-bigint v0.4.9
[INFO] [stderr]     Checking sec1 v0.3.0
[INFO] [stderr]     Checking digest v0.9.0
[INFO] [stderr]     Checking block-buffer v0.9.0
[INFO] [stderr]     Checking digest v0.10.6
[INFO] [stderr]     Checking curve25519-dalek v3.2.0
[INFO] [stderr]     Checking sha2 v0.9.9
[INFO] [stderr]    Compiling nom8 v0.2.0
[INFO] [stderr]     Checking hmac v0.12.1
[INFO] [stderr]     Checking signature v1.6.4
[INFO] [stderr]     Checking sha2 v0.10.6
[INFO] [stderr]    Compiling semver v1.0.16
[INFO] [stderr]    Compiling itertools v0.10.5
[INFO] [stderr]    Compiling unicode-segmentation v1.10.0
[INFO] [stderr]     Checking rfc6979 v0.3.1
[INFO] [stderr]     Checking elliptic-curve v0.12.3
[INFO] [stderr]     Checking ecdsa v0.14.8
[INFO] [stderr]    Compiling convert_case v0.6.0
[INFO] [stderr]     Checking bytes v1.3.0
[INFO] [stderr]     Checking konst_kernel v0.3.4
[INFO] [stderr]    Compiling konst_proc_macros v0.3.0
[INFO] [stderr]     Checking k256 v0.11.6
[INFO] [stderr]     Checking const_panic v0.2.7
[INFO] [stderr]     Checking konst v0.3.4
[INFO] [stderr]    Compiling toml_edit v0.18.1
[INFO] [stderr]    Compiling serde_derive_internals v0.26.0
[INFO] [stderr]    Compiling proc-macro-crate v1.3.0
[INFO] [stderr]    Compiling thiserror-impl v1.0.38
[INFO] [stderr]    Compiling schemars_derive v0.8.11
[INFO] [stderr]    Compiling cosmwasm-derive v1.2.1
[INFO] [stderr]    Compiling derivative v2.2.0
[INFO] [stderr]    Compiling cosmwasm-schema-derive v1.2.1
[INFO] [stderr]    Compiling prost-derive v0.9.0
[INFO] [stderr]    Compiling sylvia-derive v0.5.0
[INFO] [stderr]     Checking thiserror v1.0.38
[INFO] [stderr]     Checking prost v0.9.0
[INFO] [stderr]     Checking ed25519-zebra v3.1.0
[INFO] [stderr]     Checking serde-json-wasm v0.5.0
[INFO] [stderr]     Checking serde-cw-value v0.7.0
[INFO] [stderr]     Checking cosmwasm-crypto v1.2.1
[INFO] [stderr]     Checking cosmwasm-std v1.2.1
[INFO] [stderr]     Checking cosmwasm-schema v1.2.1
[INFO] [stderr]     Checking cw-storage-plus v0.16.0
[INFO] [stderr]     Checking cw-storage-plus v1.0.1
[INFO] [stderr]     Checking sylvia v0.5.0 (/opt/rustwide/workdir)
[INFO] [stderr]     Checking cw2 v1.0.0
[INFO] [stderr]     Checking cw-utils v1.0.1
[INFO] [stderr]     Checking cw-multi-test v0.16.2
[INFO] [stdout] error[E0432]: unresolved import `sylvia::multitest`
[INFO] [stdout]    --> tests/querier.rs:112:17
[INFO] [stdout]     |
[INFO] [stdout] 112 |     use sylvia::multitest::App;
[INFO] [stdout]     |                 ^^^^^^^^^ could not find `multitest` in `sylvia`
[INFO] [stdout] 
[INFO] [stdout] 
[INFO] [stdout] error[E0432]: unresolved import `crate::counter::test_utils`
[INFO] [stdout]    --> tests/querier.rs:114:25
[INFO] [stdout]     |
[INFO] [stdout] 114 |     use crate::counter::test_utils::Counter;
[INFO] [stdout]     |                         ^^^^^^^^^^ could not find `test_utils` in `counter`
[INFO] [stdout] 
[INFO] [stdout] 
[INFO] [stdout] error[E0432]: unresolved import `crate::multitest_utils`
[INFO] [stdout]    --> tests/querier.rs:115:16
[INFO] [stdout]     |
[INFO] [stdout] 115 |     use crate::multitest_utils::CodeId;
[INFO] [stdout]     |                ^^^^^^^^^^^^^^^ could not find `multitest_utils` in the crate root
[INFO] [stdout] 
[INFO] [stdout] 
[INFO] [stdout] error: aborting due to 3 previous errors
[INFO] [stdout] 
[INFO] [stdout] 
[INFO] [stdout] For more information about this error, try `rustc --explain E0432`.
[INFO] [stdout] 
[INFO] [stderr] error: could not compile `sylvia` (test "querier") due to 4 previous errors
[INFO] [stderr] warning: build failed, waiting for other jobs to finish...
[INFO] [stdout] warning: associated function `new` is never used
[INFO] [stdout]    --> tests/dispatching.rs:106:8
[INFO] [stdout]     |
[INFO] [stdout] 105 | impl Contract {
[INFO] [stdout]     | ------------- associated function in this implementation
[INFO] [stdout] 106 |     fn new() -> Self {
[INFO] [stdout]     |        ^^^
[INFO] [stdout]     |
[INFO] [stdout]     = note: `#[warn(dead_code)]` on by default
[INFO] [stdout] 
[INFO] [stdout] 
[INFO] [stdout] warning: struct `NoopContract` is never constructed
[INFO] [stdout]   --> tests/replies.rs:10:16
[INFO] [stdout]    |
[INFO] [stdout] 10 |     pub struct NoopContract;
[INFO] [stdout]    |                ^^^^^^^^^^^^
[INFO] [stdout]    |
[INFO] [stdout]    = note: `#[warn(dead_code)]` on by default
[INFO] [stdout] 
[INFO] [stdout] 
[INFO] [stdout] warning: associated items `new`, `instantiate`, and `noop` are never used
[INFO] [stdout]   --> tests/replies.rs:15:22
[INFO] [stdout]    |
[INFO] [stdout] 14 |     impl NoopContract {
[INFO] [stdout]    |     ----------------- associated items in this implementation
[INFO] [stdout] 15 |         pub const fn new() -> Self {
[INFO] [stdout]    |                      ^^^
[INFO] [stdout] ...
[INFO] [stdout] 20 |         fn instantiate(&self, _ctx: InstantiateCtx) -> StdResult<Response> {
[INFO] [stdout]    |            ^^^^^^^^^^^
[INFO] [stdout] ...
[INFO] [stdout] 25 |         fn noop(&self, _ctx: ExecCtx) -> StdResult<Response> {
[INFO] [stdout]    |            ^^^^
[INFO] [stdout] 
[INFO] [stdout] 
[INFO] [stdout] warning: methods `instantiate` and `poke` are never used
[INFO] [stdout]   --> tests/replies.rs:50:12
[INFO] [stdout]    |
[INFO] [stdout] 44 |     impl ReplyContract {
[INFO] [stdout]    |     ------------------ methods in this implementation
[INFO] [stdout] ...
[INFO] [stdout] 50 |         fn instantiate(&self, _ctx: InstantiateCtx) -> StdResult<Response> {
[INFO] [stdout]    |            ^^^^^^^^^^^
[INFO] [stdout] ...
[INFO] [stdout] 55 |         fn poke(&self, _ctx: ExecCtx, noop: String) -> StdResult<Response> {
[INFO] [stdout]    |            ^^^^
[INFO] [stdout] 
[INFO] [stdout] 
[INFO] [stdout] warning: 3 warnings emitted
[INFO] [stdout] 
[INFO] [stdout] 
[INFO] [stdout] warning: 1 warning emitted
[INFO] [stdout] 
[INFO] [stdout] 
[INFO] [stdout] warning: methods `instantiate`, `migrate`, `no_args_execution`, `argumented_execution`, `no_args_query`, and `argumented_query` are never used
[INFO] [stdout]   --> tests/messages_generation.rs:60:16
[INFO] [stdout]    |
[INFO] [stdout] 52 |     impl Contract {
[INFO] [stdout]    |     ------------- methods in this implementation
[INFO] [stdout] ...
[INFO] [stdout] 60 |         pub fn instantiate(&self, _ctx: InstantiateCtx) -> StdResult<Response> {
[INFO] [stdout]    |                ^^^^^^^^^^^
[INFO] [stdout] ...
[INFO] [stdout] 65 |         pub fn migrate(&self, _ctx: MigrateCtx) -> StdResult<Response> {
[INFO] [stdout]    |                ^^^^^^^
[INFO] [stdout] ...
[INFO] [stdout] 70 |         fn no_args_execution(&self, _ctx: ExecCtx) -> StdResult<Response> {
[INFO] [stdout]    |            ^^^^^^^^^^^^^^^^^
[INFO] [stdout] ...
[INFO] [stdout] 75 |         fn argumented_execution(
[INFO] [stdout]    |            ^^^^^^^^^^^^^^^^^^^^
[INFO] [stdout] ...
[INFO] [stdout] 86 |         fn no_args_query(&self, _ctx: QueryCtx) -> StdResult<QueryResult> {
[INFO] [stdout]    |            ^^^^^^^^^^^^^
[INFO] [stdout] ...
[INFO] [stdout] 91 |         fn argumented_query(&self, _ctx: QueryCtx, _user: Addr) -> StdResult<QueryResult> {
[INFO] [stdout]    |            ^^^^^^^^^^^^^^^^
[INFO] [stdout]    |
[INFO] [stdout]    = note: `#[warn(dead_code)]` on by default
[INFO] [stdout] 
[INFO] [stdout] 
[INFO] [stdout] warning: 1 warning emitted
[INFO] [stdout] 
[INFO] [stdout] 
[INFO] running `Command { std: "docker" "inspect" "506aaad85d4f95c568b38c1985c93bd2759bff8ea772f928082ebbb86ed1bd3b", kill_on_drop: false }`
[INFO] running `Command { std: "docker" "rm" "-f" "506aaad85d4f95c568b38c1985c93bd2759bff8ea772f928082ebbb86ed1bd3b", kill_on_drop: false }`
[INFO] [stdout] 506aaad85d4f95c568b38c1985c93bd2759bff8ea772f928082ebbb86ed1bd3b
